50204 a multiple of 7?
True
Is 312 a factor of 67333?
False
Is 472 a factor of 162453?
False
Is 4351676 a multiple of 2129?
True
Does 85 divide 3405270?
True
Is 244 a factor of 372677?
False
Does 11 divide 906402?
False
Does 154 divide 3283286?
False
Is 80 a factor of 597360?
True
Is 548 a factor of 297564?
True
Is 222321 a multiple of 11?
True
Is 4549663 a multiple of 661?
True
Is 1168077 even?
False
Is 32 a factor of 770720?
True
Does 7 divide 9919?
True
Is 229 a factor of 116313?
False
Is 29 a factor of 1019078?
False
Is 11 a factor of 116952?
True
Does 765 divide 1815802?
False
Is 91 a factor of 711074?
True
Is 243 a factor of 221225?
False
Is 38 a factor of 5819358?
True
Is 4519945 a multiple of 12?
False
Is 21 a factor of 42105?
True
Is 8 a factor of 244394?
False
Is 1917528 a multiple of 47?
False
Is 38 a factor of 24471071?
False
Does 379 divide 62535?
True
Is 170531 a multiple of 64?
False
Does 4 divide 229464?
True
Is 90411 a multiple of 5?
False
Is 190728 a multiple of 18?
True
Does 1324 divide 13781516?
True
Does 263 divide 3284344?
True
Is 137750 a multiple of 10?
True
Is 7 a factor of 3508932?
True
Is 21 a factor of 17601?
False
Is 38 a factor of 74898?
True
Is 40128 a multiple of 126?
False
Is 694 a factor of 3390884?
True
Is 3935777 a multiple of 210?
False
Is 67760 a multiple of 22?
True
Does 21 divide 108614?
False
Does 16 divide 1986160?
True
Does 88 divide 100582?
False
Is 219116 a multiple of 55?
False
Is 453 a factor of 4849516?
False
Is 255 a factor of 133875?
True
Is 630187 a multiple of 3?
False
Is 1100 a factor of 1970555?
False
Does 255 divide 2534955?
True
Is 434979 a multiple of 17?
True
Is 36 a factor of 33013?
False
Is 19448 a multiple of 135?
False
Is 148579 a multiple of 8?
False
Is 425272 a multiple of 17?
True
Is 6831253 a multiple of 31?
True
Is 8 a factor of 18456?
True
Is 522006 a multiple of 38?
True
Is 181260 a multiple of 5?
True
Is 319 a factor of 237970?
False
Is 55 a factor of 17910178?
False
Does 695 divide 675540?
True
Is 2426628 a multiple of 243?
False
Does 15 divide 3415020?
True
Is 164708 a multiple of 81?
False
Does 11 divide 2463197?
True
Is 308 a factor of 36036?
True
Is 293 a factor of 1462435?
False
Is 7 a factor of 225708?
True
Is 64888 a multiple of 518?
False
Does 199 divide 23977510?
True
Does 158 divide 46875?
False
Is 177712 a multiple of 4?
True
Is 14 a factor of 16424646?
True
Is 1570191 a multiple of 846?
False
Does 27 divide 167118?
False
Does 31 divide 60140?
True
Is 30 a factor of 2807640?
True
Does 159 divide 351867?
True
Does 17 divide 2530829?
False
Is 27 a factor of 1578555?
True
Does 45 divide 147425?
False
Does 41 divide 2513136?
True
Is 46786 a multiple of 94?
False
Does 55 divide 759385?
True
Is 17 a factor of 1446003?
True
Is 74 a factor of 177304?
True
Is 21976327 a multiple of 33?
False
Is 31 a factor of 273482?
True
Does 4 divide 95828?
True
Does 763 divide 1270871?
False
Is 8 a factor of 387415?
False
Is 305074 a multiple of 65?
False
Is 37 a factor of 626682?
False
Does 37 divide 2447271?
False
Is 428 a factor of 2131440?
True
Is 24050837 a multiple of 716?
False
Is 36 a factor of 8189?
False
Is 15 a factor of 520020?
True
Does 561 divide 1757858?
False
Is 2289 a multiple of 7?
True
Is 8 a factor of 983464?
True
Is 10 a factor of 62048?
False
Is 31 a factor of 23188?
True
Does 59 divide 337927?
False
Is 1588570 a multiple of 10?
True
Does 644 divide 5795571?
False
Is 364822 a multiple of 491?
False
Is 10030549 a multiple of 561?
False
Is 11 a factor of 5546?
False
Is 14 a factor of 45962?
True
Is 38 a factor of 132978?
False
Is 96768 a multiple of 36?
True
Is 45 a factor of 11784690?
True
Is 13213815 a multiple of 1395?
False
Is 2115610 a multiple of 116?
False
Is 4389616 a multiple of 17?
False
Is 46 a factor of 11851112?
False
Is 9 a factor of 340497?
True
Is 20 a factor of 17128958?
False
Is 112560 a multiple of 30?
True
Is 213942 a multiple of 1086?
True
Does 28 divide 1861280?
False
Does 159 divide 1096146?
True
Is 4870218 a multiple of 311?
False
Is 22 a factor of 25364?
False
Does 163 divide 5877617?
True
Does 10 divide 757670?
True
Is 25 a factor of 1622575?
True
Is 561393 a multiple of 160?
False
Does 286 divide 410665?
False
Is 75 a factor of 5629937?
False
Is 1765984 a multiple of 29?
True
Is 6 a factor of 58461?
False
Is 1240674 a multiple of 875?
False
Is 27 a factor of 9586694?
False
Is 3 a factor of 211554?
True
Is 6 a factor of 22158?
True
Is 10 a factor of 22808?
False
Is 82740 a multiple of 21?
True
Is 43 a factor of 210528?
True
Is 79 a factor of 919876?
True
Is 176 a factor of 998800?
True
Is 148 a factor of 99604?
True
Is 31 a factor of 327670?
True
Does 63 divide 3073651?
False
Is 57 a factor of 290871?
True
Is 635148 a multiple of 18?
True
Does 28 divide 291788?
True
Is 788083 a multiple of 1171?
True
Does 133 divide 818748?
True
Is 214703 a multiple of 43?
False
Is 65 a factor of 3031?
False
Is 8891396 a multiple of 1594?
False
Is 216716 a multiple of 6?
False
Does 5 divide 386854?
False
Is 527691 a multiple of 15?
False
Is 1377412 a multiple of 26?
False
Is 3955785 a multiple of 101?
False
Is 6278132 a multiple of 14?
True
Is 10292154 a multiple of 94?
True
Does 93 divide 19192875?
True
Does 11 divide 2509298?
True
Is 124241 a multiple of 503?
True
Is 252 a factor of 109649?
False
Does 14 divide 210507?
False
Is 35 a factor of 54078?
False
Is 422235 a multiple of 526?
False
Is 208022 a multiple of 47?
True
Does 49 divide 724540?
False
Does 26 divide 1430962?
True
Is 474 a factor of 2343456?
True
Does 10 divide 3361776?
False
Is 1078575 a multiple of 365?
True
Does 451 divide 12244716?
False
Does 167 divide 214094?
True
Does 5 divide 39714?
False
Is 733307 a multiple of 85?
False
Is 18 a factor of 657868?
False
Does 540 divide 4264463?
False
Is 1495 a multiple of 13?
True
Is 2 a factor of 31703?
False
Is 228 a factor of 202250?
False
Is 41 a factor of 57918?
False
Does 20 divide 1131430?
False
Is 8 a factor of 1881264?
True
Is 12447 a multiple of 37?
False
Does 14 divide 296921?
False
Is 793500 a multiple of 68?
False
Is 47840 a multiple of 80?
True
Is 20 a factor of 208903?
False
Does 181 divide 1956552?
False
Is 14 a factor of 4650338?
True
Is 1185053 a multiple of 22?
False
Is 1372400 a multiple of 400?
True
Does 103 divide 122629?
False
Is 9 a factor of 93682?
False
Is 33 a factor of 1367240?
False
Is 48 a factor of 111898?
False
Is 70 a factor of 268100?
True
Is 116072 a multiple of 7?
False
Is 12 a factor of 146705?
False
Is 1404 a factor of 4840992?
True
Does 42 divide 124824?
True
Is 1752572 a multiple of 13?
False
Is 468 a factor of 362397?
False
Does 6 divide 63276?
True
Is 3580511 a multiple of 233?
True
Is 4 a factor of 765861?
False
Is 197253 a multiple of 101?
True
Does 28 divide 248089?
False
Does 2 divide 233755?
False
Is 46323 a multiple of 2?
False
Does 251 divide 22518?
False
Is 71677 a multiple of 4?
False
Does 20 divide 6726009?
False
Is 4939775 a multiple of 16?
False
Is 427620 a multiple of 30?
True
Is 7122 a multiple of 18?
False
Does 33 divide 258060?
True
Is 40 a factor of 256040?
True
Does 14 divide 732603?
False
Is 19 a factor of 2082350?
False
Is 82650 a multiple of 114?
True
Is 5316867 a multiple of 16?
False
Is 27 a factor of 221238?
True
Is 21 a factor of 50035?
False
Is 2252890 a multiple of 110?
False
Does 1855 divide 11098465?
True
Is 436872 a multiple of 12?
True
Is 5850067 a multiple of 98?
False
Is 32227 a multiple of 5?
False
Is 52875 a multiple of 15?
True
Is 56 a factor of 1388222?
False
Does 93 divide 6578564?
False
Is 9 a factor of 853713?
True
Does 26 divide 4553146?
True
Is 34 a factor of 91324?
True
Does 86 divide 9627443?
False
Is 449371 a multiple of 13?
True
Does 301 divide 5458762?
False
Is 10 a factor of 65590?
True
Is 748426 a multiple of 98?
True
Does 94 divide 735080?
True
Does 128 divide 518804?
False
Is 377623 a multiple of 197?
False
Does 40 divide 1002400?
True
Is 1108 a factor of 4486292?
True
Is 180 a factor of 2112840?
True
Does 192 divide 51456?
True
Is 105436 a multiple of 7?
False
Is 193768 a multiple of 106?
True
Does 43 divide 314373?
True
Is 13287 even?
False
Does 30 divide 1498303?
False
Is 132710 a multiple of 23?
True
Is 62 a factor of 1300140?
True
Is 18 a factor of